 201?
15
Calculate the remainder when 153 is divided by 77.
76
What is the remainder when 235 is divided by 19?
7
What is the remainder when 428 is divided by 356?
72
What is the remainder when 937 is divided by 100?
37
Calculate the remainder when 583 is divided by 13.
11
Calculate the remainder when 3912 is divided by 43.
42
Calculate the remainder when 159 is divided by 40.
39
What is the remainder when 330 is divided by 31?
20
Calculate the remainder when 3929 is divided by 219.
206
What is the remainder when 127 is divided by 8?
7
Calculate the remainder when 677 is divided by 153.
65
What is the remainder when 410 is divided by 16?
10
Calculate the remainder when 67 is divided by 10.
7
What is the remainder when 308 is divided by 13?
9
What is the remainder when 4531 is divided by 36?
31
What is the remainder when 47 is divided by 33?
14
Calculate the remainder when 644 is divided by 7.
0
What is the remainder when 127 is divided by 68?
59
Calculate the remainder when 103 is divided by 9.
4
Calculate the remainder when 6314 is divided by 31.
21
Calculate the remainder when 247 is divided by 100.
47
What is the remainder when 2258 is divided by 1125?
8
What is the remainder when 3589 is divided by 133?
131
Calculate the remainder when 527 is divided by 22.
21
What is the remainder when 6875 is divided by 23?
21
What is the remainder when 21 is divided by 5?
1
Calculate the remainder when 296 is divided by 13.
10
Calculate the remainder when 3070 is divided by 41.
36
What is the remainder when 4301 is divided by 154?
143
What is the remainder when 110 is divided by 31?
17
What is the remainder when 3 is divided by 2?
1
Calculate the remainder when 303 is divided by 31.
24
Calculate the remainder when 126 is divided by 9.
0
What is the remainder when 751 is divided by 94?
93
Calculate the remainder when 80 is divided by 29.
22
Calculate the remainder when 84 is divided by 52.
32
Calculate the remainder when 504 is divided by 210.
84
What is the remainder when 5829 is divided by 19?
15
Calculate the remainder when 2076 is divided by 33.
30
Calculate the remainder when 119 is divided by 11.
9
Calculate the remainder when 426 is divided by 107.
105
Calculate the remainder when 1696 is divided by 100.
96
Calculate the remainder when 2253 is divided by 35.
13
What is the remainder when 43 is divided by 13?
4
What is the remainder when 1922 is divided by 148?
146
What is the remainder when 271 is divided by 123?
25
What is the remainder when 975 is divided by 163?
160
Calculate the remainder when 80 is divided by 17.
12
Calculate the remainder when 9838 is divided by 41.
39
Calculate the remainder when 452 is divided by 91.
88
What is the remainder when 558 is divided by 143?
129
What is the remainder when 315 is divided by 25?
15
What is the remainder when 3449 is divided by 1713?
23
Calculate the remainder when 56 is divided by 20.
16
What is the remainder when 822 is divided by 75?
72
What is the remainder when 90 is divided by 81?
9
Calculate the remainder when 645 is divided by 24.
21
What is the remainder when 911 is divided by 12?
11
What is the remainder when 351 is divided by 44?
43
What is the remainder when 793 is divided by 26?
13
What is the remainder when 281 is divided by 3?
2
What is the remainder when 4425 is divided by 19?
17
Calculate the remainder when 3306 is divided by 28.
2
Calculate the remainder when 2419 is divided by 220.
219
Calculate the remainder when 56 is divided by 29.
27
Calculate the remainder when 3336 is divided by 1103.
27
What is the remainder when 3843 is divided by 43?
16
Calculate the remainder when 615 is divided by 288.
39
Calculate the remainder when 3598 is divided by 50.
48
What is the remainder when 185 is divided by 104?
81
What is the remainder when 68 is divided by 19?
11
Calculate the remainder when 201 is divided by 15.
6
What is the remainder when 63 is divided by 16?
15
Calculate the remainder when 65 is divided by 30.
5
Calculate the remainder when 157 is divided by 49.
10
Calculate the remainder when 607 is divided by 38.
37
What is the remainder when 351 is divided by 118?
115
Calculate the remainder when 382 is divided by 123.
13
What is the remainder when 14133 is divided by 24?
21
What is the remainder when 1540 is divided by 502?
34
What is the remainder when 1842 is divided by 264?
258
What is the remainder when 2710 is divided by 1325?
60
What is the remainder when 1485 is divided by 379?
348
What is the remainder when 890 is divided by 16?
10
Calculate the remainder when 922 is divided by 37.
34
Calculate the remainder when 86 is divided by 16.
6
What is the remainder when 1466 is divided by 15?
11
What is the remainder when 1254 is divided by 8?
6
What is the remainder when 196 is divided by 48?
4
Calculate the remainder when 7 is divided by 3.
1
Calculate the remainder when 1930 is divided by 1910.
20
What is the remainder when 830 is divided by 58?
18
What is the remainder when 4007 is divided by 8?
7
Calculate the remainder when 4276 is divided by 203.
13
What is the remainder when 1167 is divided by 167?
165
Calculate the remainder when 1254 is divided by 107.
77
What is the remainder when 3690 is divided by 24?
18
Calculate the remainder when 154 is divided by 20.
14
Calculate the remainder when 139 is divided by 3.
1
Calculate the remainder when 13428 is divided by 395.
393
What is the remainder when 961 is divided by 6?
1
Calculate the remainder when 85 is divided by 2.
1
What is the remainder when 126 is divided by 10?
6
What is the remainder when 168 is divided by 33?
3
Calculate the remainder when 1388 is divided by 139.
137
What is the remainder when 304 is divided by 14?
10
What is the remainder when 7359 is divided by 28?
23
Calculate the remainder when 1056 is divided by 35.
6
What is the remainder when 70 is divided by 8?
6
Calculate the remainder when 1976 is divided by 90.
86
What is the remainder when 310 is divided by 10?
0
What is the remainder when 196 is divided by 51?
43
What is the remainder when 2500 is divided by 81?
70
Calculate the remainder when 654 is divided by 55.
49
Calculate the remainder when 3731 is divided by 14.
7
Calculate the remainder when 35 is divided by 16.
3
What is the remainder when 494 is divided by 277?
217
Calculate the remainder when 3980 is divided by 990.
20
What is the remainder when 590 is divided by 86?
74
Calculate the remainder when 336 is divided by 30.
6
What is the remainder when 2157 is divided by 127?
125
Calculate the remainder when 36 is divided by 3.
0
Calculate the remainder when 29 is divided by 10.
9
Calculate the remainder when 9248 is divided by 487.
482
Calculate the remainder when 4093 is divided by 16.
13
What is the remainder when 69 is divided by 43?
26
What is the remainder when 93 is divided by 11?
5
What is the remainder when 70 is divided by 30?
10
Calculate the remainder when 366 is divided by 37.
33
What is the remainder when 45 is divided by 41?
4
Calculate the remainder when 2933 is divided by 128.
117
What is the remainder when 57 is divided by 32?
25
What is the remainder when 350 is divided by 39?
38
What is the remainder when 620 is divided by 24?
20
What is the remainder when 998 is divided by 19?
10
Calculate the remainder when 87 is divided by 31.
25
Calculate the remainder when 3515 is divided by 1168.
11
Calculate the remainder when 109 is divided by 30.
19
What is the remainder when 295 is divided by 144?
7
What is the remainder when 376 is divided by 28?
12
What is the remainder when 592 is divided by 37?
0
What is the remainder when 943 is divided by 43?
40
Calculate the remainder when 60 is divided by 22.
16
Calculate the remainder when 1071 is divided by 46.
13
What is the remainder when 2375 is divided by 22?
21
Calculate the remainder when 65 is divided by 24.
17
Calculate the remainder when 2030 is divided by 225.
5
What is the remainder when 2067 is divided by 42?
9
What is the remainder when 2429 is divided by 70?
49
What is the remainder when 7190 is divided by 8?
6
Calculate the remainder when 356 is divided by 86.
12
Calculate the remainder when 241 is divided by 87.
67
What is the remainder when 292 is divided by 46?
16
Calculate the remainder when 159 is divided by 24.
1